{"id":18209,"date":"2021-04-06T13:27:14","date_gmt":"2021-04-06T11:27:14","guid":{"rendered":"https:\/\/totenart.pt\/blog\/?page_id=18209"},"modified":"2023-07-03T09:32:14","modified_gmt":"2023-07-03T07:32:14","slug":"dia-da-mae","status":"publish","type":"page","link":"https:\/\/totenart.pt\/blog\/o-que-oferecer\/datas-especiais\/dia-da-mae\/","title":{"rendered":"O que oferecer a uma m\u00e3e artista &#8211; Dia da M\u00e3e"},"content":{"rendered":"<h1>Ideias de prendas para uma m\u00e3e artista<\/h1>\n<p>Aproxima-se o Dia das M\u00e3es e, mais uma vez, estamos todos \u00e0 procura do melhor presente. Para te dar uma ajuda reunimos algumas ideias. Ainda n\u00e3o sabes o que oferecer? N\u00e3o percas <strong>as melhores ideias de presentes para uma m\u00e3e artista:<\/strong><\/p>\n<h2>C\u00f3digo desconto especial<\/h2>\n<div id=\"attachment_23921\" style=\"width: 710px\" class=\"wp-caption aligncenter\"><img loading=\"lazy\" decoding=\"async\" aria-describedby=\"caption-attachment-23921\" class=\"wp-image-23921 size-full\" src=\"https:\/\/totenart.pt\/blog\/wp-content\/uploads\/2022\/04\/totenart-banner-dia-madre-pt.jpg\" alt=\"\" width=\"700\" height=\"368\" srcset=\"https:\/\/totenart.pt\/blog\/wp-content\/uploads\/2022\/04\/totenart-banner-dia-madre-pt.jpg 700w, https:\/\/totenart.pt\/blog\/wp-content\/uploads\/2022\/04\/totenart-banner-dia-madre-pt-300x158.jpg 300w\" sizes=\"auto, (max-width: 700px) 100vw, 700px\" \/><p id=\"caption-attachment-23921\" class=\"wp-caption-text\">Introduz este c\u00f3digo no <a href=\"https:\/\/totenart.pt\/?utm_source=post&amp;utm_medium=o-que-oferecer&amp;utm_campaign=dia-da-mae\" target=\"_blank\" rel=\"noopener\">nosso site<\/a><\/p><\/div>\n<h2>Kit de inicia\u00e7\u00e3o<\/h2>\n<p>Se quiseres presentear arte como prenda para o Dia da M\u00e3e prepar\u00e1mos o presente perfeito para ti&#8230; pronto, <strong>o presente perfeito para essa m\u00e3e artista.<\/strong> De Totenart prepar\u00e1mos alguns <a href=\"https:\/\/totenart.pt\/outros-produtos-161\/kits-e-conjuntos-completos?utm_source=post&amp;utm_medium=o-que-oferecer&amp;utm_campaign=dia-da-mae\" target=\"_blank\" rel=\"noopener\"><span style=\"text-decoration: underline;\">kits de inicia\u00e7\u00e3o<\/span><\/a> para que a tua m\u00e3e possa libertar toda a sua criatividade.<\/p>\n<div id=\"attachment_18227\" style=\"width: 710px\" class=\"wp-caption aligncenter\"><img loading=\"lazy\" decoding=\"async\" aria-describedby=\"caption-attachment-18227\" class=\"wp-image-18227 size-full\" src=\"https:\/\/totenart.pt\/blog\/wp-content\/uploads\/2021\/04\/oleo-van-gohg-1-1.jpg\" alt=\"\" width=\"700\" height=\"229\" srcset=\"https:\/\/totenart.pt\/blog\/wp-content\/uploads\/2021\/04\/oleo-van-gohg-1-1.jpg 700w, https:\/\/totenart.pt\/blog\/wp-content\/uploads\/2021\/04\/oleo-van-gohg-1-1-300x98.jpg 300w\" sizes=\"auto, (max-width: 700px) 100vw, 700px\" \/><p id=\"caption-attachment-18227\" class=\"wp-caption-text\"><a href=\"https:\/\/totenart.pt\/set-caballete-maleta-de-oleo-van-gogh-3-lienzos?utm_source=post&amp;utm_medium=o-que-oferecer&amp;utm_campaign=dia-da-mae\" target=\"_blank\" rel=\"noopener\">Kit de inicia\u00e7\u00e3o com cavalete port\u00e1til<\/a><\/p><\/div>\n<p>Portanto, se tiveres uma m\u00e3e que pinta, recomendamos este <a href=\"https:\/\/totenart.pt\/set-caballete-maleta-de-oleo-van-gogh-3-lienzos?___store=pt&amp;utm_source=post&amp;utm_medium=o-que-oferecer&amp;utm_campaign=dia-da-mae\" target=\"_blank\" rel=\"noopener\"><span style=\"text-decoration: underline;\">conjunto de pintura a \u00f3leo<\/span><\/a>. Este kit de oferta de pintura a \u00f3leo cont\u00e9m uma caixa de pintura, um cavalete e 3 telas: tudo o que precisa para come\u00e7ar a trabalhar com uma nova t\u00e9cnica art\u00edstica. Ao contr\u00e1rio da pintura acr\u00edlica, a pintura a \u00f3leo seca mais lentamente. Desta forma, qualquer artista poder\u00e1 trabalhar com ela sem qualquer pressa. <strong>O presente ideal para uma m\u00e3e-pintora!<\/strong><\/p>\n<p>Outro dos nossos recomendados para presentear uma m\u00e3e artista s\u00e3o os kits de pintura Callisto. Esta linha inclui dois modelos: \u00f3leo ou acr\u00edlico dependendo da artista. Como no caso acima, recomendamos que optes por um <a href=\"https:\/\/totenart.pt\/conjunto-callisto-oleo-art-creation-12-cores-12-ml-caixa-cavalete?utm_source=post&amp;utm_medium=o-que-oferecer&amp;utm_campaign=dia-da-mae\" target=\"_blank\" rel=\"noopener\"><span style=\"text-decoration: underline;\">kit Callisto \u00f3leo<\/span><\/a> pois \u00e9 mais confort\u00e1vel se a tua m\u00e3e tem muitas coisas para fazer.<strong> Este kit inclui tudo o que precisares para come\u00e7ar a pintar em uma mala que, al\u00e9m disso, se transforma em atril.<\/strong><\/p>\n<h2>Pintura por n\u00fameros<\/h2>\n<p>Se achas que a tua m\u00e3e artista n\u00e3o tem tempo para come\u00e7ar um quadro do zero, temos a solu\u00e7\u00e3o! Atualmente, os <a href=\"https:\/\/totenart.pt\/outros-produtos-175\/kits-e-conjuntos-completos\/pintura-por-numeros?utm_source=post&amp;utm_medium=o-que-oferecer&amp;utm_campaign=dia-da-mae\" target=\"_blank\" rel=\"noopener\"><span style=\"text-decoration: underline;\">quadros de pintura com n\u00fameros<\/span><\/a> s\u00e3o a \u00faltima moda. Eles v\u00eam em um <strong>kit com tudo que precisares para come\u00e7ar a pintar.<\/strong><\/p>\n<div id=\"attachment_23768\" style=\"width: 710px\" class=\"wp-caption aligncenter\"><img loading=\"lazy\" decoding=\"async\" aria-describedby=\"caption-attachment-23768\" class=\"wp-image-23768 size-full\" src=\"https:\/\/totenart.pt\/blog\/wp-content\/uploads\/2022\/03\/pintura-con-numeros-1.jpg\" alt=\"\" width=\"700\" height=\"203\" srcset=\"https:\/\/totenart.pt\/blog\/wp-content\/uploads\/2022\/03\/pintura-con-numeros-1.jpg 700w, https:\/\/totenart.pt\/blog\/wp-content\/uploads\/2022\/03\/pintura-con-numeros-1-300x87.jpg 300w\" sizes=\"auto, (max-width: 700px) 100vw, 700px\" \/><p id=\"caption-attachment-23768\" class=\"wp-caption-text\"><a href=\"https:\/\/totenart.pt\/outros-produtos-175\/kits-e-conjuntos-completos\/pintura-por-numeros?utm_source=post&amp;utm_medium=o-que-oferecer&amp;utm_campaign=dia-da-mae\" target=\"_blank\" rel=\"noopener\">Quadros de pintura por n\u00fameros<\/a><\/p><\/div>\n<p>A \u00fanica coisa que a tua m\u00e3e artista ter\u00e1 que fazer \u00e9 abrir seu kit de pintura com n\u00fameros, escolher um pincel e come\u00e7ar a preencher os n\u00fameros com as cores correspondentes. Assim, poupas \u00e0 tua m\u00e3e o tempo que leva a perder o medo da tela em branco. <strong>Gra\u00e7as a estas telas de pintura por n\u00fameros desfrutar\u00e3o do relax da pintura.<\/strong><\/p>\n<h3>Prendas para m\u00e3es artistas: Kit de Cianotipia<\/h3>\n<p>Continuando com os kits de arte e, <strong>se a tua m\u00e3e \u00e9 amante dos trabalhos manuais,<\/strong> deixo-te com um kit de DIY com o qual n\u00e3o ir\u00e1s falhar! O <a href=\"https:\/\/totenart.pt\/set-cianotipea?utm_source=post&amp;utm_medium=o-que-oferecer&amp;utm_campaign=dia-da-mae\" target=\"_blank\" rel=\"noopener\"><span style=\"text-decoration: underline;\">Kit de Cianotipia<\/span><\/a> inclui tudo o que precisa para imprimir as suas melhores fotografias em casa. A cianotipia \u00e9 um processo pelo qual <strong>se podem revelar fotografias \u00e0 m\u00e3o de uma forma muito simples e divertida.<\/strong><\/p>\n<div id=\"attachment_18228\" style=\"width: 710px\" class=\"wp-caption aligncenter\"><img loading=\"lazy\" decoding=\"async\" aria-describedby=\"caption-attachment-18228\" class=\"wp-image-18228 size-full\" src=\"https:\/\/totenart.pt\/blog\/wp-content\/uploads\/2021\/04\/totenar-kits-de-manualidades-para-adultos-1-1.jpg\" alt=\"\" width=\"700\" height=\"212\" srcset=\"https:\/\/totenart.pt\/blog\/wp-content\/uploads\/2021\/04\/totenar-kits-de-manualidades-para-adultos-1-1.jpg 700w, https:\/\/totenart.pt\/blog\/wp-content\/uploads\/2021\/04\/totenar-kits-de-manualidades-para-adultos-1-1-300x91.jpg 300w\" sizes=\"auto, (max-width: 700px) 100vw, 700px\" \/><p id=\"caption-attachment-18228\" class=\"wp-caption-text\"><a href=\"https:\/\/totenart.pt\/set-cianotipea?utm_source=post&amp;utm_medium=o-que-oferecer&amp;utm_campaign=dia-da-mae\" target=\"_blank\" rel=\"noopener\">Cianotipia<\/a> para revelar as tuas melhores recorda\u00e7\u00f5es<\/p><\/div>\n<p>Gra\u00e7as a este kit poder\u00e1 desenvolver em casa as suas melhores mem\u00f3rias num dia que ser\u00e1 inesquec\u00edvel. Se quiser saber mais sobre o cian\u00f3tipo, v\u00e1 ao nosso tutorial sobre <span style=\"text-decoration: underline;\"><a href=\"https:\/\/totenart.pt\/blog\/tutoriais\/como-fazer-cianotipia\/?utm_source=post&amp;utm_medium=o-que-oferecer&amp;utm_campaign=dia-da-mae\" target=\"_blank\" rel=\"noopener\">como fazer cianotipia<\/a>.<\/span> Ver\u00e1 como \u00e9 f\u00e1cil! Gostaste desta ideia? Confere o nosso post sobre <a href=\"https:\/\/totenart.pt\/blog\/o-que-oferecer\/artista-aficionado\/trabalhosmanuais\/?utm_source=post&amp;utm_medium=o-que-oferecer&amp;utm_campaign=dia-da-mae\" target=\"_blank\" rel=\"noopener\"><span style=\"text-decoration: underline;\">prendas para amantes dos trabalhos manuais<\/span><\/a>.<\/p>\n<h2>Cart\u00e3o-presente para m\u00e3es artistas<\/h2>\n<p>Est\u00e1s a ficar sem tempo? Temos o presente perfeito para ti! Se o tempo est\u00e1 passando e ainda n\u00e3o tens um presente, pega um <a href=\"https:\/\/totenart.pt\/outros-produtos-175\/varios-produtos\/tarjetas-regalo?utm_source=post&amp;utm_medium=o-que-oferecer&amp;utm_campaign=dia-da-mae\" target=\"_blank\" rel=\"noopener\">cart\u00e3o de presente<\/a> e presentea tudo! H\u00e1 <strong>cart\u00f5es de presente com uma variedade de pre\u00e7os e diferentes desenhos que receber\u00e1s por email rapidamente.<\/strong> Desta forma vais dar o montante que quiseres de forma personalizada.<\/p>\n<p style=\"text-align: center;\"><a href=\"https:\/\/totenart.pt\/outros-produtos-175\/varios-produtos\/tarjetas-regalo?utm_source=post&amp;utm_medium=o-que-oferecer&amp;utm_campaign=dia-da-mae\" class=\"button \" target=\"_blank\">Encontra o teu cart\u00e3o presente personalizado<\/a><\/p>\n<h2>Pintura ao ar livre<\/h2>\n<p><strong>Se a tua m\u00e3e \u00e9 uma das que gosta de andar e tomar o ar,<\/strong> podemos ajud\u00e1-la a motiv\u00e1-la a encontrar os lugares mais escondidos. Gra\u00e7as ao projecto Urban Sketchers as m\u00e3es artistas podem cal\u00e7ar as suas botas e sair para pintar &#8211; j\u00e1 estivemos presos tempo suficiente!<\/p>\n<div id=\"attachment_18230\" style=\"width: 710px\" class=\"wp-caption aligncenter\"><img loading=\"lazy\" decoding=\"async\" aria-describedby=\"caption-attachment-18230\" class=\"wp-image-18230 size-full\" src=\"https:\/\/totenart.pt\/blog\/wp-content\/uploads\/2021\/04\/totenart-regalos-para-madres-artistas-1-1.jpg\" alt=\"\" width=\"700\" height=\"231\" srcset=\"https:\/\/totenart.pt\/blog\/wp-content\/uploads\/2021\/04\/totenart-regalos-para-madres-artistas-1-1.jpg 700w, https:\/\/totenart.pt\/blog\/wp-content\/uploads\/2021\/04\/totenart-regalos-para-madres-artistas-1-1-300x99.jpg 300w\" sizes=\"auto, (max-width: 700px) 100vw, 700px\" \/><p id=\"caption-attachment-18230\" class=\"wp-caption-text\"><a href=\"https:\/\/totenart.pt\/outros-produtos-175\/kits-e-conjuntos-completos\/conjuntos-de-pintura-de-presente?tipo_de_estuche_de_pintura=1156&amp;utm_source=post&amp;utm_medium=o-que-oferecer&amp;utm_campaign=dia-da-mae\" target=\"_blank\" rel=\"noopener\">Sets Urban Sketching<\/a><\/p><\/div>\n<p>Este <span style=\"text-decoration: underline;\"><a href=\"https:\/\/totenart.pt\/outros-produtos-161\/kits-e-conjuntos-completos\/conjuntos-de-pintura-de-presente?tipo_de_estuche_de_pintura=1156&amp;utm_source=post&amp;utm_medium=o-que-oferecer&amp;utm_campaign=dia-da-mae\" target=\"_blank\" rel=\"noopener\">conjunto para Urban Sketchers<\/a><\/span> tem tudo o que precisa <strong>para se juntar a este colectivo que desenha ao ar livre em todo o mundo:<\/strong> uma caixa de aguarelas, um pincel recarreg\u00e1vel, um marcador calibrado e um caderno de viagem. Al\u00e9m disso, este conjunto inclui um caderno de apontamentos para aprender todos os truques desta t\u00e9cnica de desenho ao ar livre.<\/p>\n<h2>Presentes para novas m\u00e3es<\/h2>\n<p>Se quiseres <strong>dar um presente para o Dia da M\u00e3e a uma nova m\u00e3e<\/strong> temos uma ideia super original para ti: pintura para beb\u00e9.<\/p>\n<p>Dentro da gama de pinturas para crian\u00e7as encontramos a linha para beb\u00e9s Giotto. <strong>Uma linha 100% segura com todos os produtos dermatologicamente testados.<\/strong> <span style=\"text-decoration: underline;\"><a href=\"https:\/\/totenart.pt\/outros-produtos-161\/kits-e-conjuntos-completos\/produtos-infantiles?utm_source=post&amp;utm_medium=o-que-oferecer&amp;utm_campaign=dia-da-mae\" target=\"_blank\" rel=\"noopener\">Giotto Be-b\u00e9<\/a><\/span>\u00a0\u00e9 feito de ingredientes naturais, o que garante tintas n\u00e3o t\u00f3xicas. Al\u00e9m disso, esta gama destaca-se entre outras pela sua grande variedade:<\/p>\n<p><img loading=\"lazy\" decoding=\"async\" class=\"size-full wp-image-18231 aligncenter\" src=\"https:\/\/totenart.pt\/blog\/wp-content\/uploads\/2021\/04\/sets-regalo-para-regalar-giotto-be-be-1.jpg\" alt=\"\" width=\"700\" height=\"247\" srcset=\"https:\/\/totenart.pt\/blog\/wp-content\/uploads\/2021\/04\/sets-regalo-para-regalar-giotto-be-be-1.jpg 700w, https:\/\/totenart.pt\/blog\/wp-content\/uploads\/2021\/04\/sets-regalo-para-regalar-giotto-be-be-1-300x106.jpg 300w\" sizes=\"auto, (max-width: 700px) 100vw, 700px\" \/><\/p>\n<p>Giotto Baby inclui todo o tipo de materiais art\u00edsticos, desde l\u00e1pis de cera para crian\u00e7as a pastas de modelar e todo o tipo de <a href=\"https:\/\/totenart.pt\/giotto-bebe-super-set-pt?___store=pt&amp;utm_source=post&amp;utm_medium=o-que-oferecer&amp;utm_campaign=dia-da-mae\" target=\"_blank\" rel=\"noopener\"><span style=\"text-decoration: underline;\">kits multit\u00e9cnicos.<\/span><\/a> Um <strong>presente seguro e divertido para estimular a criatividade das crian\u00e7as e das suas m\u00e3es artistas.<\/strong><\/p>\n<h2>Cursos de pintura para a tua m\u00e3e artista<\/h2>\n<p>Outra op\u00e7\u00e3o para m\u00e3es que gostam de arte \u00e9 dar um curso. Entre a oferta de cursos online podes encontrar o que precisares: cursos de pintura, de desenho, de artesanato e at\u00e9 de carpintaria. Estes <strong>cursos s\u00e3o perfeitos para qualquer m\u00e3e artista j\u00e1 que podem ser realizados a seu ritmo e a partir de qualquer dispositivo.<\/strong> Encontra o curso de arte mais adequado para a tua m\u00e3e e presentea criatividade:<\/p>\n<p style=\"text-align: center;\"><a href=\"https:\/\/domestika.sjv.io\/rQEWPB\" class=\"button \" target=\"_blank\">Cursos de pintura ao melhor pre\u00e7o<\/a><\/p>\n","protected":false},"excerpt":{"rendered":"<p>Ideias de prendas para uma m\u00e3e artista Aproxima-se o Dia das M\u00e3es e, mais uma vez, estamos todos \u00e0 procura do melhor presente. Para te dar uma ajuda reunimos algumas ideias. Ainda n\u00e3o sabes o que oferecer? N\u00e3o percas as melhores ideias de presentes para uma m\u00e3e artista: C\u00f3digo desconto especial Kit de inicia\u00e7\u00e3o Se [&hellip;]<\/p>\n","protected":false},"author":14,"featured_media":18210,"parent":17478,"menu_order":0,"comment_status":"closed","ping_status":"closed","template":"","meta":{"footnotes":""},"class_list":["post-18209","page","type-page","status-publish","has-post-thumbnail","hentry"],"_links":{"self":[{"href":"https:\/\/totenart.pt\/blog\/wp-json\/wp\/v2\/pages\/18209","targetHints":{"allow":["GET"]}}],"collection":[{"href":"https:\/\/totenart.pt\/blog\/wp-json\/wp\/v2\/pages"}],"about":[{"href":"https:\/\/totenart.pt\/blog\/wp-json\/wp\/v2\/types\/page"}],"author":[{"embeddable":true,"href":"https:\/\/totenart.pt\/blog\/wp-json\/wp\/v2\/users\/14"}],"replies":[{"embeddable":true,"href":"https:\/\/totenart.pt\/blog\/wp-json\/wp\/v2\/comments?post=18209"}],"version-history":[{"count":4,"href":"https:\/\/totenart.pt\/blog\/wp-json\/wp\/v2\/pages\/18209\/revisions"}],"predecessor-version":[{"id":26295,"href":"https:\/\/totenart.pt\/blog\/wp-json\/wp\/v2\/pages\/18209\/revisions\/26295"}],"up":[{"embeddable":true,"href":"https:\/\/totenart.pt\/blog\/wp-json\/wp\/v2\/pages\/17478"}],"wp:featuredmedia":[{"embeddable":true,"href":"https:\/\/totenart.pt\/blog\/wp-json\/wp\/v2\/media\/18210"}],"wp:attachment":[{"href":"https:\/\/totenart.pt\/blog\/wp-json\/wp\/v2\/media?parent=18209"}],"curies":[{"name":"wp","href":"https:\/\/api.w.org\/{rel}","templated":true}]}}