{"id":19098,"date":"2021-06-22T11:41:53","date_gmt":"2021-06-22T09:41:53","guid":{"rendered":"https:\/\/totenart.pt\/blog\/?page_id=19098"},"modified":"2021-06-22T11:41:53","modified_gmt":"2021-06-22T09:41:53","slug":"aguarela","status":"publish","type":"page","link":"https:\/\/totenart.pt\/blog\/o-que-oferecer\/artista-aficionado\/aguarela\/","title":{"rendered":"O que oferecer a um pintor amador da aguarela"},"content":{"rendered":"<h1>O que oferecer a um pintor amador de aguarela?<\/h1>\n<p>Tens um amigo que pinta com aguarelas e n\u00e3o sabes o que lhe oferecer? Vamos tentar ajudar-te. Neste post encontrar\u00e1s 3 ideias para dar de presente a um pintor amador de aguarela:<\/p>\n<h2>Pinc\u00e9is<\/h2>\n<p>Uma das op\u00e7\u00f5es mais confort\u00e1veis e com a qual se pode ter a certeza de ter sucesso \u00e9 dar um <a href=\"https:\/\/totenart.pt\/escovas\/conjuntos-de-pinceis?utm_source=post&amp;utm_medium=o-que-oferecer&amp;utm_campaign=aficionado-aguarela\" target=\"_blank\" rel=\"noopener\"><span style=\"text-decoration: underline;\">set de pinc\u00e9is<\/span><\/a> como presente. O pincel \u00e9 uma das <strong>ferramentas mais importantes para a pintura com aguarelas.<\/strong> Apesar disso, h\u00e1 muitos artistas que n\u00e3o lhe d\u00e3o a import\u00e2ncia necess\u00e1ria. Por esta raz\u00e3o, recomendamos que escolhas um set de pinc\u00e9is com um pouco de tudo: ideal para artistas <em>amateurs<\/em>.<\/p>\n<p>Em rela\u00e7\u00e3o a isto podes tamb\u00e9m optar pelos <a href=\"https:\/\/totenart.pt\/escovas\/pinceis-vazios-para-preencher\" target=\"_blank\" rel=\"noopener\"><span style=\"text-decoration: underline;\">pinc\u00e9is vazios para preencher<\/span><\/a>. Esta categoria permite que os artistas de aguarela levem um pincel pronto a usar com eles para onde quer que v\u00e3o. Gra\u00e7as ao seu reservat\u00f3rio, s\u00f3 precisam de o encher com \u00e1gua (ou pintura) para desfrutar da aguarela em qualquer lugar. H\u00e1 muitos tipos diferentes de pinc\u00e9is preench\u00edveis, mas quando se trata de fazer um presente, recomendamos que procures <span style=\"text-decoration: underline;\"><a href=\"https:\/\/totenart.pt\/escovas\/pinceis-vazios-para-preencher?manufacturer=98\" target=\"_blank\" rel=\"noopener\">pinc\u00e9is de \u00e1gua Pentel<\/a><\/span> ou <a href=\"https:\/\/totenart.pt\/escovas\/pinceis-vazios-para-preencher?manufacturer=773&amp;utm_source=post&amp;utm_medium=o-que-oferecer&amp;utm_campaign=aficionado-aguarela\" target=\"_blank\" rel=\"noopener\"><span style=\"text-decoration: underline;\">pinc\u00e9is Derwent<\/span><\/a>:<\/p>\n<p><img loading=\"lazy\" decoding=\"async\" class=\"size-full wp-image-19100 aligncenter\" src=\"https:\/\/totenart.pt\/blog\/wp-content\/uploads\/2021\/06\/regalar-pinceles-derwent.jpg\" alt=\"\" width=\"720\" height=\"369\" srcset=\"https:\/\/totenart.pt\/blog\/wp-content\/uploads\/2021\/06\/regalar-pinceles-derwent.jpg 720w, https:\/\/totenart.pt\/blog\/wp-content\/uploads\/2021\/06\/regalar-pinceles-derwent-300x154.jpg 300w\" sizes=\"auto, (max-width: 720px) 100vw, 720px\" \/><\/p>\n<h2>Caixas de aguarela<\/h2>\n<p>Outra op\u00e7\u00e3o de oferta para pintores amadores s\u00e3o as <span style=\"text-decoration: underline;\"><a href=\"https:\/\/totenart.pt\/acuarelas\/estojo-de-aquarelas?utm_source=post&amp;utm_medium=o-que-oferecer&amp;utm_campaign=aficionado-aguarela\" target=\"_blank\" rel=\"noopener\">caixas de aguarela<\/a><\/span> Pocket Box. Estas caixas est\u00e3o dispon\u00edveis em diferentes marcas: Winsor &amp; Newton, <span style=\"text-decoration: underline;\"><a href=\"https:\/\/totenart.pt\/acuarelas\/estojo-de-aquarelas?manufacturer=45&amp;utm_source=post&amp;utm_medium=o-que-oferecer&amp;utm_campaign=aficionado-aguarela\" target=\"_blank\" rel=\"noopener\">Schmincke<\/a><\/span>, Van Gogh, <span style=\"text-decoration: underline;\"><a href=\"https:\/\/totenart.pt\/acuarelas\/estojo-de-aquarelas?manufacturer=822&amp;utm_source=post&amp;utm_medium=o-que-oferecer&amp;utm_campaign=aficionado-aguarela\" target=\"_blank\" rel=\"noopener\">Sakura<\/a><\/span>&#8230; O que torna estas caixas especiais \u00e9 que incluem tudo o que precisa para sair e pintar em qualquer lugar. Isto \u00e9 ideal se tiveres de dar um presente a um aguarelista que gosta de viajar!<\/p>\n<p><img loading=\"lazy\" decoding=\"async\" class=\"size-full wp-image-19101 aligncenter\" src=\"https:\/\/totenart.pt\/blog\/wp-content\/uploads\/2021\/06\/acuarela-compacta-pocket-winsor.jpg\" alt=\"\" width=\"720\" height=\"381\" srcset=\"https:\/\/totenart.pt\/blog\/wp-content\/uploads\/2021\/06\/acuarela-compacta-pocket-winsor.jpg 720w, https:\/\/totenart.pt\/blog\/wp-content\/uploads\/2021\/06\/acuarela-compacta-pocket-winsor-300x159.jpg 300w\" sizes=\"auto, (max-width: 720px) 100vw, 720px\" \/><\/p>\n<p>A nossa recomenda\u00e7\u00e3o \u00e9 de optar pela gama Cotman de <a href=\"https:\/\/totenart.pt\/acuarelas\/estojo-de-aquarelas?manufacturer=14&amp;utm_source=post&amp;utm_medium=o-que-oferecer&amp;utm_campaign=aficionado-aguarela\" target=\"_blank\" rel=\"noopener\"><span style=\"text-decoration: underline;\">Winson and Newton<\/span><\/a> criada para artistas amadores e estudantes. A rela\u00e7\u00e3o qualidade-pre\u00e7o torna-os perfeitos como presente. Al\u00e9m disso, a Winsor &amp; Newton \u00e9 uma das marcas mais criativas quando se trata de criar estas caixas compactas. Nelas podem encontrar-se aguarelas, pinc\u00e9is, paletas, esponjas e at\u00e9 garrafas para transportar \u00e1gua para todo o lado.<\/p>\n<h2>Aguarela em diferentes formatos<\/h2>\n<p>Finalmente, se est\u00e1s \u00e0 procura de um presente surpreendente para um artista de aguarela, isto \u00e9 para ti. Hoje em dia \u00e9 poss\u00edvel encontrar <strong>aguarela em todos os formatos<\/strong> em que se possa pensar <em>(ou quase todos os formatos).<\/em> Poucos artistas amadores conhecem estas gamas, pelo que ser\u00e1 o presente mais original. Entre os diferentes formatos de aguarelas que se podem encontrar, temos:<\/p>\n<h3>Aguarelas em barra<\/h3>\n<p>Semelhante a um pastel, as <a href=\"https:\/\/totenart.pt\/caso-aquarela-barra-winsor-newton-caixa-metal-10-uds?utm_source=post&amp;utm_medium=o-que-oferecer&amp;utm_campaign=aficionado-aguarela\" target=\"_blank\" rel=\"noopener\"><span style=\"text-decoration: underline;\">barras de aguarela<\/span><\/a> destacam-se pelas suas m\u00faltiplas utiliza\u00e7\u00f5es. Por um lado, podem-se usar estas barras de aguarela como se fossem uma pastilha de aguarela. Podem tamb\u00e9m ser utilizadas para pintura a seco sobre um suporte de aguarela. Depois, com um pincel molhado podes misturar as cores e dar-lhe um aspecto de aguarela. Elas t\u00eam tudo!<\/p>\n<h3>Marcadores de aguarela<\/h3>\n<p>Outro formato de aguarela que est\u00e1 a tornar-se cada vez mais na moda s\u00e3o os marcadores de aguarela. M\u00faltiplas marcas sa\u00edram com a sua vers\u00e3o destes marcadores de aguarela. A nossa recomenda\u00e7\u00e3o \u00e9 a de optar pela linha de <a href=\"https:\/\/totenart.pt\/outras-pinturas\/marcadores\/todos-os-marcadores\/marcadores-de-aquarela-ecoline-brush-pen?utm_source=post&amp;utm_medium=o-que-oferecer&amp;utm_campaign=aficionado-aguarela\" target=\"_blank\" rel=\"noopener\"><span style=\"text-decoration: underline;\">marcadores \u00e0 base de \u00e1gua do Ecooline<\/span><\/a>. Esta marca tem uma vasta gama de conjuntos de marcadores de aguarela a um pre\u00e7o muito bom:<\/p>\n<p><img loading=\"lazy\" decoding=\"async\" class=\"size-full wp-image-19102 aligncenter\" src=\"https:\/\/totenart.pt\/blog\/wp-content\/uploads\/2021\/06\/ecoline-acuarelables-1.jpg\" alt=\"\" width=\"720\" height=\"180\" srcset=\"https:\/\/totenart.pt\/blog\/wp-content\/uploads\/2021\/06\/ecoline-acuarelables-1.jpg 720w, https:\/\/totenart.pt\/blog\/wp-content\/uploads\/2021\/06\/ecoline-acuarelables-1-300x75.jpg 300w\" sizes=\"auto, (max-width: 720px) 100vw, 720px\" \/><\/p>\n<p>Como se pode ver na imagem, estes marcadores est\u00e3o dispon\u00edveis em diferentes tonalidades. Podes escolher o estilo pict\u00f3rico que melhor te convier: cores pastel, cores para ilustradores, desenhadores e at\u00e9 mesmo marcadores de aguarela em tons de cinza.<\/p>\n","protected":false},"excerpt":{"rendered":"<p>O que oferecer a um pintor amador de aguarela? Tens um amigo que pinta com aguarelas e n\u00e3o sabes o que lhe oferecer? Vamos tentar ajudar-te. Neste post encontrar\u00e1s 3 ideias para dar de presente a um pintor amador de aguarela: Pinc\u00e9is Uma das op\u00e7\u00f5es mais confort\u00e1veis e com a qual se pode ter a [&hellip;]<\/p>\n","protected":false},"author":17,"featured_media":19099,"parent":18775,"menu_order":0,"comment_status":"closed","ping_status":"closed","template":"","meta":{"footnotes":""},"class_list":["post-19098","page","type-page","status-publish","has-post-thumbnail","hentry"],"_links":{"self":[{"href":"https:\/\/totenart.pt\/blog\/wp-json\/wp\/v2\/pages\/19098","targetHints":{"allow":["GET"]}}],"collection":[{"href":"https:\/\/totenart.pt\/blog\/wp-json\/wp\/v2\/pages"}],"about":[{"href":"https:\/\/totenart.pt\/blog\/wp-json\/wp\/v2\/types\/page"}],"author":[{"embeddable":true,"href":"https:\/\/totenart.pt\/blog\/wp-json\/wp\/v2\/users\/17"}],"replies":[{"embeddable":true,"href":"https:\/\/totenart.pt\/blog\/wp-json\/wp\/v2\/comments?post=19098"}],"version-history":[{"count":3,"href":"https:\/\/totenart.pt\/blog\/wp-json\/wp\/v2\/pages\/19098\/revisions"}],"predecessor-version":[{"id":19267,"href":"https:\/\/totenart.pt\/blog\/wp-json\/wp\/v2\/pages\/19098\/revisions\/19267"}],"up":[{"embeddable":true,"href":"https:\/\/totenart.pt\/blog\/wp-json\/wp\/v2\/pages\/18775"}],"wp:featuredmedia":[{"embeddable":true,"href":"https:\/\/totenart.pt\/blog\/wp-json\/wp\/v2\/media\/19099"}],"wp:attachment":[{"href":"https:\/\/totenart.pt\/blog\/wp-json\/wp\/v2\/media?parent=19098"}],"curies":[{"name":"wp","href":"https:\/\/api.w.org\/{rel}","templated":true}]}}